 + 14*d + 13*d. Calculate r(x).
4
Let f(v) be the third derivative of v**5/60 - 7*v**4/24 + 3*v**3/2 + 2*v**2. Suppose -3 = -89*u + 88*u, 2*x - 5*u + 3 = 0. What is f(x)?
3
Let d = 121 - 104. Suppose -50 = -d*b + 7*b. Let i(a) = -a + 3 + 2 - a. Determine i(b).
-5
Let l(f) be the third derivative of f**5/5 + f**4/24 + f**3/2 - 1103*f**2. Calculate l(2).
53
Suppose 56*m - 57*m + 1 = 0. Let i(a) = -2*a + 1. Let c(z) = -z**2 - 16*z. Let l(d) = m*c(d) - 5*i(d). Give l(-5).
0
Let f(w) = w**3 + 3*w**2 - 4*w - 10. Let o = -30 + 27. Let l be f(o). Let r(g) = -l*g + 1 - g + 4*g. What is r(5)?
6
Suppose 6*g - 3*g + 39 = 0. Let z be (g - -4) + 2/(2/(-3)). Let k(p) = p**3 + 13*p**2 + 13*p + 7. Calculate k(z).
-5
Suppose 0*v - 7*v = -35. Suppose 5*b + 3*u = 7 + 6, 5*b - v = -5*u. Suppose b*h - 11 = 3*m, -m - 5*h - 9 = 8. Let j(q) = q**2 + 8*q + 5. Determine j(m).
-2
Suppose v - 2*k = 22, -96*k = -2*v - 91*k + 38. Let o(g) = -4*g**2 + 135*g + 53. Calculate o(v).
19
Let b = 163337 - 163344. Let a(w) be the second derivative of -w**3/2 - 2*w**2 + w. Give a(b).
17
Let o(v) = 2 + 1 + 3*v - v**3 + 2 - 3*v**2. Let i = 12220 + -12224. Give o(i).
9
Suppose w - 31 = 3*o, 0*w + 5*o + 41 = w. Suppose 4*g + w - 8 = 0. Let a(l) = 2*l - 1. Determine a(g).
-5
Let r(l) be the third derivative of l**4/8 - 7*l**3/3 - 6*l**2 - 3. Let b(q) = -2*q + 9. Let m(w) = 7*b(w) + 5*r(w). What is m(6)?
-1
Let z(q) = -q**3 - 3*q**2 + q - 1. Let p(t) = -3*t**3 - 111*t**2 + 7*t + 255. Let o be p(-37). Give z(o).
11
Let j be -4 - -2 - 0/1. Let t be ((-4)/2)/(j - -1). Let z = t - 6. Let b(g) = -2*g - 5. Give b(z).
3
Let m(k) = -17*k**3 - k**2 + 13*k + 20. Let o be m(-3). Let x(q) = -7*q**2 + o*q**3 - 3 - 430*q**3 + 16*q**2 - 10*q. Calculate x(-10).
-3
Let z(n) = -2*n**2 - n - 6. Let m = -3869 - -3869. Determine z(m).
-6
Let u(s) = 45 + s + 58 + 57 - 405 + 240. Let l(m) = -3*m + 1. Suppose 3*v - w - 13 = 0, 4*v + w = -2*w. Let i be l(v). Give u(i).
-13
Suppose 12 = t - 8. Suppose 0*o + 3*o - i = -t, 4*i = -5*o - 22. Let a(q) = 0*q - 29 + 24 - 2*q. Determine a(o).
7
Let j = 19 + -23. Let l(m) = -m**2 + 16. Let b be l(-7). Let d(a) = 9*a - 15. Let c(k) = -k + 2. Let i(q) = b*c(q) - 4*d(q). Determine i(j).
6
Let r(m) be the first derivative of -38 - 3/2*m**2 + m. Let i(t) = t**3 + 26*t**2 - 57*t - 32. Let a be i(-28). Give r(a).
13
Let c(w) = 2*w**2 - 3*w - 5. Suppose -146 - 10 = -26*l. Let g be 540/216 - (l/(-4) + 0). Give c(g).
15
Let v = 222 - 199. Let y(q) = v*q + 0 + 18*q - 40*q + 4. Determine y(-4).
0
Let c(k) = -9*k - 6. Suppose -4*l - 2*b = 22, -9*b = 5*l - 14*b + 50. Calculate c(l).
57
Let g(t) = 4*t + 1. Let f(c) = c**2 + 14*c - 14. Suppose r + 7*r + 120 = 0. Let w be f(r). Let k be (4 - w)*8/24. What is g(k)?
5
Suppose 0 = 28*m + 16815 + 3429. Let c = m - -730. Let k(s) = s - 1. Give k(c).
6
Let c(m) = -19*m**3 + 23*m**2 + 8*m - 10. Let v(s) = 12*s**3 - 14*s**2 - 5*s + 7. Let p(a) = -7*c(a) - 11*v(a). What is p(7)?
-14
Let d = 13352 + -13328. Let l(y) = -y - 16. Calculate l(d).
-40
Let w(g) = -g**3 - 19*g**2 - 8*g + 189. Suppose 3*t - 8 = 5*z - 37, t + 33 = -3*z. What is w(t)?
9
Let t(d) = -1. Let i(h) = -h + 5. Let o(v) = 2*i(v) + 9*t(v). Suppose -16*k - 649 = -665. Calculate o(k).
-1
Let p(a) = -11*a**2 + 16*a**2 - 16*a**2 + 2*a - 23 + 22 - 5*a**2. Suppose -c - 2*w - 17 = w, -4*w = 20. Let m be -1*c/4*2. Give p(m).
-15
Let p(m) = 2*m**3 - 16*m**2 - 5*m + 36. Let v(w) = -w**3 - 8*w**2 - 6*w - 40. Let t be v(-8). Let b be p(t). Let h(j) = 3*j + 5. Determine h(b).
-7
Let h(f) = f**3 + f**2 + 9*f - 4. Let k(z) = -5*z**3 - 4*z**2 - 37*z + 16. Let o(j) = -9*h(j) - 2*k(j). Determine o(0).
4
Let n(b) = b**3 + 2*b**2 + 3*b + 12. Let z(r) = 3*r**2 + 91*r + 193. Let y be z(-28). Calculate n(y).
-6
Let g = 596 + -602. Let p(t) = t**3 + 6*t**2 + 10*t + 6. Give p(g).
-54
Let i = -97 - -105. Let f(l) = l**2 + 5*l - 3. Let j be f(-6). Let d = j - i. Let y(o) = o + 12. What is y(d)?
7
Let k(y) = y**3 + 13*y**2 - 9*y + 8. Let a = -196 + 200. Let w(l) = -l**3 - 12*l**2 + 9*l - 7. Let f(g) = a*k(g) + 5*w(g). Determine f(-9).
-3
Let w(q) = 102*q - 2138. Let a be w(21). Let v(z) be the third derivative of z**3 - 18*z**2 - 1/15*z**5 - 1/120*z**6 + 0*z + 1/12*z**a + 0. What is v(-4)?
-2
Let g(u) = -14*u + 33*u + 3 + 29 - 13*u - 11*u. What is g(8)?
-8
Let k(t) = -t**3 - t**2 + 4*t + 3. Suppose -x + 5*g = 1 - 8, -4*x + 66 = -g. Suppose -21*d + x*d = 12. Give k(d).
9
Let x(w) be the third derivative of 2*w**3 - 1/12*w**4 + 0*w + 6*w**2 - 1/60*w**5 + 0. Let b(r) be the first derivative of x(r). What is b(4)?
-10
Let h(l) be the first derivative of 3/2*l**2 - 13*l - 231. Give h(2).
-7
Let n(j) = 2*j**2 + 12*j - 7. Let r = -8453 + 8449. Give n(r).
-23
Let q(t) be the second derivative of t**3/6 + 11*t**2/2 + 2*t - 71. Let x be (-48)/10 - (-3)/(-15). Let w = x + 5. Determine q(w).
11
Let w be ((-51)/(-12))/(2/(-8)). Let g = w + 12. Let r(d) = -38*d - 3. Let n(x) = -204*x - 16. Let k(b) = 3*n(b) - 16*r(b). Determine k(g).
20
Let u(c) = -c**3 + 3*c**2 + 11*c - 5. Suppose 0 = -15*b + 25*b + 27*b - 185. Calculate u(b).
0
Let f(x) = 20*x - 80 - 5*x - 10*x - 97 + 147. Give f(-15).
-105
Let q(u) = -u**3 - u**2. Suppose 4*m = -5*d + 9*d + 12, 0 = 4*m - 5*d - 14. Let v(f) = 7*f**3 + 10*f**2 + f + 1. Let x(j) = m*v(j) + 6*q(j). What is x(-3)?
7
Let l(v) be the second derivative of -5/3*v**4 + 85*v + 1/3*v**3 + 1 - 19*v**2 + 1/20*v**5. Determine l(20).
2
Let p(m) = 7*m**2 + m - 1. Let h be p(1). Let z(x) = 0 - 7*x - 40*x**2 + 38*x**2 + 3 + 4*x + 17*x. Calculate z(h).
3
Let z(d) be the third derivative of d**5/60 - d**4/24 - d**2. Suppose -136*x - 5*q = -116*x - 55, 0 = 2*q + 10. What is z(x)?
12
Let z(l) = l - 8. Let c be (-2)/(-8) + (-18)/8. Let u(j) = -j**2 + 3*j + 14. Let r be u(-2). Let a = r - c. Calculate z(a).
-2
Suppose -4*a - 4*c = -24, a + 4*c + 17 = 29. Let j(u) = -u**3 + 5*u**2 + 2*u - 7. Give j(a).
17
Let q(h) = -3 - h**3 + 8135*h - 12*h**2 - 9 - 43 - 8126*h. Determine q(-13).
-3
Let d(f) = -f**3 + 13*f + 3. Let v(s) = -s + 22. Let y be v(18). Let i be d(y). Let n(j) = -j**2 - 8*j - 5. Calculate n(i).
-14
Let g = -10 - -7. Let q(y) be the third derivative of -5*y**4/24 - 3*y**3/2 - 5523*y**2. Calculate q(g).
6
Let x(i) = -4*i**2 - 192*i + 1810. Let c be x(8). Let g(d) = d**2 - 15*d - 2. What is g(c)?
52
Suppose 14*y - 48*y - 200 = -9*y. Let z(p) = -p**3 - 7*p**2 + 8*p - 9. Calculate z(y).
-9
Let i(t) = -t**2 + 14*t - 54. Suppose -21*b + 115 - 1 = -2*b. What is i(b)?
-6
Let q(x) = x**2 + 23*x - 72. Let y be -23 + 2 + (7 + -15 - -3). Let g be q(y). Let j(f) = f - 5. Calculate j(g).
1
Let d(r) be the second derivative of r**5/20 - 5*r**4/12 - 2*r**3/3 + 3*r**2 + 38*r + 1. Let f be (-1304)/(-56) + 4/(-14). Let m = -17 + f. Give d(m).
18
Let v(k) = 2*k + 42. Let m(w) = 10. Let q(o) = -5*m(o) + v(o). Calculate q(2).
-4
Let w(x) be the first derivative of -5/6*x**3 + 3/2*x**2 - 1/6*x**4 + 27*x - 3. Let d(q) be the first derivative of w(q). Determine d(-4).
-9
Let m(x) = -2*x**2 - 4*x + 1. Let o(i) = -4*i + 2. Let z be o(0). Suppose 5*r = z*r + 147. Let f = r + -53. Give m(f).
-15
Let m(o) be the third derivative of 13*o**4/24 - 41*o**3/6 - 5*o**2 - 2*o - 2. What is m(2)?
-15
Let n(z) be the second derivative of z**3/6 - 2*z**2 + 5046*z. Let q = -8 + 14. Let c = 1 - q. What is n(c)?
-9
Suppose 9*y - 11*y + 5*o = -25, 0 = -y + 5*o. Suppose 0 = -132*m + 137*m - y. Let q(k) = -k + 9. Give q(m).
4
Suppose -2*x + 9*a + 7 = 4*a, -3*a = 9. Let m be x/(-10)*((-105)/(-6))/7. Let p(s) = 7*s**3 - 2*s + 1. Calculate p(m).
6
Suppose -2 = -5*a + 13. Let s(c) = c**2 - 49*c + 431. Let k be s(11). Let v(b) = 7 + a + 1 + 2*b - k. What is v(-7)?
-16
Suppose -1 = k - 2. Let y = -14 - -16. Let u(g) = 2 - 3*g - 1 - y. Give u(k).
-4
Let a(l) be the first derivative of l**3/3 + 7*l**2/2 + l + 3. Let v(n) = -7*n - 13. Let j be 5 + -1*24/4. Let u be v(j). Give a(u).
-5
Let x(n) = -n**3 + 3*n**2 + 3*n + 1. Suppose -4*t + 5*p = -9 + 6, -3*p = -3. Suppose -2*w = -t*j, -2*j - 5*w = -j + 12. Calculate x(j).
15
Let c(g) be the second derivative of g - 3/2*g**2 + 0 - 1/20*g**5 - 1/3*g**3 - 1/4*g**4. Suppose 0 = -71440*s + 71479*s + 117. What is c(s)?
3
Let a(b) be the first derivative of 11*b**2/2 + 110*b + 5160. What is a(-12)?
-22
Let r(x) = -10